13 + ((-3)/(-1))/1. Let g be y(q). Is (15/g)/((-2)/(-136)) composite?
True
Suppose 91*p - 5*c + 5923 = 93*p, -2984 = -p + 2*c. Is p prime?
False
Suppose 75 - 16 = 5*m - 4*d, m - 2*d = 13. Suppose -6*i + 149 = m. Is i composite?
False
Let v = 7489 + 6352. Is v a prime number?
True
Let c be (98/4)/(-7)*(-2)/7. Is (-2)/(-2)*1 + (c - -445) prime?
False
Let h be 4*(-3)/(-10)*35935/6. Suppose 8*u - 7589 = h. Is u a composite number?
False
Suppose -32*k = -5648 - 51920. Is k a composite number?
True
Let i(k) = 2*k - 2. Let o be i(0). Let y(j) = 36*j**2 - 6*j - 7. Is y(o) a composite number?
False
Let h be (-2)/1 - (9 + -15). Suppose -h*d - 2*z + 3038 = z, 3*d - 5*z = 2293. Suppose -d - 304 = -3*a. Is a prime?
False
Suppose -3*o = 2*z - 19, -o + 5*z + 7 = 29. Let h(l) = -3*l + 7. Let a be h(o). Let w(m) = -80*m**3 - 2*m**2 - 3*m - 3. Is w(a) a composite number?
True
Let q(p) = -p**3 + 16*p**2 - 15*p - 15. Let y be q(16). Let c = -64 - y. Is c prime?
True
Let w(b) = 12*b**2 - b - 3. Let i(v) = -11*v**2 + v + 3. Let n(l) = 6*i(l) + 7*w(l). Is n(8) a composite number?
True
Let f be (-2)/(-10) - 384/20. Let q = -15 - f. Is 663/2 + (-2)/q composite?
False
Suppose -2*p - 4*g + 5446 = 0, 2*p - 4*g = -0*p + 5438. Is p composite?
True
Let t = 79 + -77. Suppose t*w - 11089 = -11*w. Is w a prime number?
True
Let r(i) = -i. Let h(n) = -88*n. Let a(l) = -2*h(l) + 154*r(l). Let o be a(1). Is 11/o - (-753)/2 prime?
False
Suppose 114*k - 112*k - 3846 = 0. Is k composite?
True
Let a(o) = -5988*o + 905. Is a(-9) a prime number?
False
Let x be (-6)/1*2/(-4). Suppose -x*j - 1 = -10. Suppose -4*d + 1016 = -n, d + 4*n = -j*d + 996. Is d a composite number?
True
Suppose 7*x - 4 = 5*x. Suppose -y + 3 = 0, x*y + 549 + 192 = 3*s. Is s prime?
False
Let f(n) be the second derivative of 9*n**5/10 + n**4/12 + n**3/3 - 3*n**2/2 + 5*n. Suppose 0 = 2*s + 3*s - 10. Is f(s) a composite number?
False
Let p be 6 + -2 - 8/4. Suppose p*x + 28 = 354. Is x composite?
False
Suppose 21*s - 1177809 + 349338 = 0. Is s a composite number?
False
Let s(o) = -6*o**3 - 17*o**2 - 26*o - 27. Is s(-10) prime?
False
Suppose 7*g = -285 + 33. Is 1 + 28/g - (-8726)/18 a prime number?
False
Let u be 4/(1 - (-3)/3). Suppose -q + 835 = u*c - 724, 0 = -5*c + q + 3880. Suppose 0 = 5*t - 2*t - c. Is t composite?
True
Let n = -79 - -81. Suppose -5*s + 35 = -3*b + 4095, 2713 = n*b + 3*s. Is b prime?
False
Suppose 5*b - 2439 = 7*y - 3*y, 0 = -3*b + 3*y + 1461. Suppose 0 = 5*z + 26 - b. Suppose -r + 280 = -z. Is r a composite number?
False
Let v = 1216 + -293. Suppose 3*n - 4*n + v = 0. Is n a composite number?
True
Let p(y) = 786*y + 4. Let r = 3 + -1. Let m be p(r). Let x = m - 945. Is x composite?
False
Let s(f) = -8*f**2 - 23*f - 2. Let b(o) = -7*o**2 - 22*o - 3. Let m(c) = -7*b(c) + 6*s(c). Is m(16) a prime number?
True
Let r = 1390 + 10701. Is r a prime number?
False
Suppose 0 = -k + 1430 - 59. Is k a prime number?
False
Let n = 71264 - 47025. Is n composite?
False
Let c(w) = 4*w - 25. Let z be c(-8). Let n = 444 + z. Let m = n + -10. Is m composite?
True
Suppose 9*m - 8*m - 8579 = 0. Is m a composite number?
True
Let i(n) be the third derivative of -n**5/60 + 5*n**4/6 + 7*n**3/2 + 6*n**2. Is i(20) prime?
False
Let z = -15376 + 31707. Is z a composite number?
True
Let c = 1 + 1. Suppose 75 = 7*y - c*y. Let s(q) = -q**3 + 16*q**2 + 5*q - 7. Is s(y) a composite number?
False
Suppose 161334 = 4*t + 14*t. Is t prime?
True
Let h(s) = 24*s**2 + 15*s + 143. Is h(-16) a prime number?
True
Is 4/42 + -4*(-2514981)/1764 a composite number?
True
Let p be (12 - 10) + -527 + 1. Let a = p + 1431. Is a a composite number?
False
Let j(k) = -k**3 + 67*k**2 + 37*k + 3. Is j(47) a prime number?
False
Suppose -5*y = -3880 - 22855. Is y prime?
True
Suppose -4*g = 13*h - 16*h - 148228, h - 74114 = -2*g. Is g a composite number?
False
Let r(y) = 3*y + 9 - 71*y - 28 - 226*y. Is r(-16) a prime number?
False
Let a be (-36)/(-15) + 2/(-5). Let o(i) = 0*i - 3 - 4 + 5*i - 3*i + 20*i**a. Is o(-3) a composite number?
False
Is 226/10*(3 + 455 + -13) prime?
False
Suppose 0 = 3*n - a - 10, -25 = -n - 4*a - 0*a. Let r = 6 - n. Is r + 558/(1 + 2) prime?
False
Suppose -2*k + p = -5*k + 1, -3*p - 5 = 5*k. Let i = 83 + -75. Is ((-31)/(-4))/(k/i) prime?
True
Suppose -5*z = -h + 208, -1 - 14 = -3*z. Is h composite?
False
Suppose 65 = 5*v - 4*k, -8 = v + 4*k + 3. Suppose v*z - 5*z = 12520. Suppose 4*i = -606 + z. Is i a composite number?
False
Let s(r) = -r**3 - 39*r**2 + 8*r - 109. Is s(-42) a composite number?
True
Suppose 15*m = -65327 + 175232. Is m a composite number?
True
Let f = -193 + 302. Is f composite?
False
Suppose 398*i + 302416 = 414*i. Is i composite?
True
Suppose 0 = -3*z - 3*z - 7824. Let s = 2211 + z. Is s composite?
False
Let q = -971 + 288. Let x = 1642 + q. Is x a prime number?
False
Let o = 21 + -21. Suppose o = -6*n + 618 + 492. Is n prime?
False
Suppose 6*r + 11187 - 1923 = 0. Let i = -1063 - r. Is i a composite number?
True
Suppose -9*q + 6680 = -4*q. Let f = -500 + q. Suppose -f = -0*s - 4*s. Is s composite?
True
Let o = 33701 + -19711. Let u be 16/20*o/(-4). Is u/(-6) + 20/30 composite?
False
Let m = 39006 - 1469. Is m composite?
False
Let m be (-1 + 5)/(1/4). Suppose 75 = m*r - 13*r. Is r composite?
True
Let r be 1*3*(-9 - -7). Let a = -18 - -12. Is (261/a)/3*r a composite number?
True
Let a = -10 + 10. Suppose -4*x = -a*x + 4. Is 78 + (-1)/x + 0 a prime number?
True
Let i(h) = h**3 - 3*h**2 - 10*h. Let m be i(8). Let u = -113 + m. Is u prime?
True
Let r(o) = -116*o - 449. Is r(-8) prime?
True
Suppose 5*l - 3*s - 13861 = 20847, 2*l - 2*s = 13884. Is l prime?
False
Is 5/2 + 3748/8 composite?
True
Let v = 40 - 39. Let j(u) = 558*u**2 - u. Is j(v) a prime number?
True
Suppose 5*u = -33*j + 34*j + 2033, 3*u = -4*j + 1229. Is u a prime number?
False
Suppose 34 = 4*o + 2. Suppose -o = c - 5*c. Suppose c*m = -118 + 452. Is m a composite number?
False
Is 9 + -6 + 13261 - (2 - -3) a composite number?
False
Is 21/((-84)/(-8))*(-3203)/(-2) prime?
True
Let o be (2 - 53)/(-15 - -14). Let s be -4*32*(-1 + -1). Let q = s - o. Is q a prime number?
False
Let f = -4526 + 7969. Is f prime?
False
Let w = 9455 - 3325. Is 2/4 - 0 - w/(-20) a prime number?
True
Suppose 3 = 3*o - 3. Suppose -184 = o*u - 5764. Suppose 5 = 2*h - h, -5*m - h = -u. Is m a composite number?
False
Let s(m) = 16*m**2 - 3*m + 2. Suppose 2*r + 17 = -r - 4*i, r = -3*i - 9. Is s(r) a prime number?
False
Suppose 3*j - 7755 = 2*k, -5*k = -2*j + 2352 + 2829. Suppose -13 = -24*g + 59. Suppose -j = -g*b - 2*l, -b + 1717 = b + 3*l. Is b prime?
True
Let f = 27 - 24. Let j(n) = 11*n**2 - n + 7. Let h be j(f). Suppose d = 2*d - h. Is d a prime number?
True
Suppose u + 1 = -r, 0 = u + 2*u + 3. Suppose -1796 = -4*z - r*z. Is z composite?
False
Let x be 133173/63 + 2/14. Let w = x + -3. Is w prime?
True
Let l(h) = h**3 + h**2 - h + 77. Let k(u) = u**2 - 8*u + 1. Let o be k(6). Let v = 11 + o. Is l(v) a prime number?
False
Suppose 0 = -3*b, 3*l - 2*b = -6*b + 3363. Is l a prime number?
False
Suppose b + b - 8 = 0. Suppose 563 = g - b*d - 488, -5*g + 5232 = 3*d. Is g composite?
True
Let s = -809 - -2068. Is s a composite number?
False
Is -1*(-6 - -1) - -6858 a prime number?
True
Let z(p) = 258*p**2 - 3*p + 22. Is z(3) a prime number?
False
Let f(l) = -47*l**2 - 18 + 25*l + 3 + 56*l**2. Is f(-14) a prime number?
True
Let c = 131 + -3. Let r be c/1 - 6/3. Suppose -r = -2*m + 262. Is m composite?
True
Suppose d + 10 = 2*h + 3*d, -h - 4*d + 20 = 0. Suppose 4*r - 5*c - 8827 = h, -r + 13*c = 8*c - 2218. Is r prime?
True
Is 13369136/616 - 2/14 prime?
False
Let a(b) = b**3 - 8*b**2 + 4*b - 4. Let q be a(8). Is 12620/q - (-6)/21 composite?
True
Suppose t = -0*t + 7. Suppose t*z = 11*z - 16. Suppose 0 = -z*o + 2*q + 330, -14 = -4*o - 5*q + 323. Is o composite?
False
Is (77630/(-21))/((-2)/3) a prime number?
False
Suppose 7*o + 2*o - 18 = 0. Is (9783/o)/9*2 composite?
False
Let z be (-2 + 1)/((-21)/(-12) - 2). Suppose -2*x - u = -z*x + 105, x + 5*u - 58 = 0. Is x a prime number?
True
Let a(v) be the first derivative of 3*v**4/4 + 5*v**3/3 - 13*v + 5. Is a(9) prime?
True
Let t(v) = -32*v**3 + v**2 - 1. Let j(l) = 128*l**3 - 3*l**2 - l + 5. Let r(x) = -2*j(x) - 9*t(x). Is r(2) composite?
True
Let u